 - 4. Let w(x) = -4*x. Let a = -6 + 8. Suppose h - 3 = -a*h. Let r be w(h). Determine t(r).
8
Suppose -20 = -0*i + 4*i. Let k(g) = -3*g - 43. Let s be 3 - 30/(2 - -1). Let p(t) = t + 14. Let o(h) = s*p(h) - 2*k(h). Give o(i).
-7
Let h(k) = 13*k - 1. Let r(f) = -3*f. Suppose 0 = -3*n + 6 - 0. Let d(o) = n*h(o) + 9*r(o). What is d(-2)?
0
Let s(f) = f - 6. Suppose -q = 2*p - 1 - 2, 0 = 3*p + 6. Give s(q).
1
Let o(m) = 7*m + 4. Let d(y) be the first derivative of -y**2/2 + 20. Suppose 2*w - 2*u = -w + 1, 5*w - 4*u = 1. Let p(i) = w*o(i) + 6*d(i). Calculate p(0).
4
Let c(n) = -3*n**2 + 1. Let h(k) = -k**2 + 10*k + 2. Let l be h(10). Suppose 0 = 3*t - l*t - 5. Let b(p) = p - 4. Let d be b(t). Calculate c(d).
-2
Let g(p) = -p**3 + 5*p**2 - 4*p + 2. Let x be (4/7)/(8/56). Let y be g(x). Let l(a) = -4*a**2 + a. Determine l(y).
-14
Let n(o) = -o - 5. Let g(s) = 5. Let r(u) = 4*g(u) + 3*n(u). Let p(x) = x - 4. Let h be p(8). Determine r(h).
-7
Let h(v) = v**3 - 6*v**2 - v + 3. Suppose 3*m - 17 = 1. Give h(m).
-3
Let v(m) = 4*m + 7. Let j(b) = -7*b - 13. Let i(t) = -3*j(t) - 5*v(t). Let f be ((-54)/8)/(-3)*-4. Let y be i(f). Let c(s) = -s**2 - 4*s. Calculate c(y).
-5
Let w = 62 - 61. Let a(i) = i**3 - i**2 + i - 1. Calculate a(w).
0
Let v(x) = 3 - 1 + x**2 + 5 - 3 - 7*x. Let b(c) = c**2 - 3. Let r be b(-3). Determine v(r).
-2
Let y(m) = m + 3*m**2 + m - 4 + 2*m - m**3. Suppose 30 = 5*g - 4*x, -2*g = -x + 2*x + 1. Suppose 5*r + 5*k - 3 = 2, -2*k - 10 = -g*r. Determine y(r).
8
Let v(c) = 4*c - 30. Let x be v(9). Let n(d) = -d**2 + 7*d + 2. What is n(x)?
8
Let k(b) = b**3 + 0*b**3 + 7*b + 6 - 4*b**2 + 9*b**2. Let a = -10 - -21. Suppose 5*d + 4*j + 32 = 0, a = -2*d + j - 2*j. Determine k(d).
-6
Let o(k) be the second derivative of k**3/6 - k**2/2 + 3*k. Let r(w) = -9*w + 7. Let u(n) = 6*o(n) + r(n). Give u(2).
-5
Let g be (2 - -1)/((-39)/(-52)). Let q(c) = c - 3. Calculate q(g).
1
Let r(y) = y + 6. Let v be r(-3). Let h(t) = 3 + 0 - v*t + 4*t + 4. Let c be 0 + 0 - (0 - -6). Determine h(c).
1
Let a(r) = r**2 + 4*r + 1. Let n be a(-3). Let q be (0 - (1 + -2)) + 4. Let u be q/(-3)*-3 + n. Let m(b) = b**3 - 4*b**2 + 3*b + 1. Give m(u).
1
Let p(b) = 73*b**3 + 4*b - 74*b**3 - 3 + 2*b**2 + 2. What is p(3)?
2
Let o(y) be the third derivative of -y**4/24 - 5*y**3/6 - 10*y**2. Give o(-5).
0
Let b(m) = -m**2 + 6*m - 3. Suppose 1 = 3*z - 8. Let i be 22/(-6) + z/(-9). Let a(h) = h - 1. Let c(r) = i*a(r) + b(r). Give c(3).
-2
Suppose 0 = -q + 6*q - 5. Let d(r) = r. Let n(i) = 8*i. Let x(p) = q*n(p) - 5*d(p). Determine x(-5).
-15
Let n(j) = 7*j**2 - 17*j - 1. Let l(d) = 4*d**2 - 9*d. Let x(p) = -5*l(p) + 3*n(p). Calculate x(5).
-8
Suppose 0 = 5*p - 20 - 5. Let d(n) = -2*n - n**3 - 1 - 5*n**2 + 10*n**2 + 2. Calculate d(p).
-9
Let l(n) be the first derivative of -n**2 - n + 9. What is l(-4)?
7
Let x(v) = -v**2 - 6*v + 6. Let s be (24/9)/(5 - 3)*-6. Determine x(s).
-10
Suppose -6 + 24 = -3*h. Let v(p) = 3*p**2 - 3*p + 1. Let x(i) = -i**2 + 2*i - 1. Let o(g) = 2*v(g) + 5*x(g). What is o(h)?
9
Let c(k) = -k - 5. Let r be c(-6). Let p(y) = -11*y**3 + 4*y**2 - 2*y - 3. Let o(x) = -44*x**3 + 17*x**2 - 9*x - 13. Let i(m) = 2*o(m) - 9*p(m). What is i(r)?
10
Suppose g + 6 = -0. Let w(k) = k**2 + 5*k - 6. Determine w(g).
0
Let w(u) = -27*u**2 - 11*u + 2. Let d(f) = 14*f**2 + 6*f - 1. Let z(k) = -11*d(k) - 6*w(k). Determine z(-1).
7
Let b = -2 - -6. Let k(s) = -2*s + 3*s**3 - b*s**3 - 3 + 4*s**2 + 2. Give k(3).
2
Let w(d) = d**3 - d**2 + d + 1. Let v be 0/2*(-1)/2. Let t be 1 + -1 - v/(-12). Determine w(t).
1
Let l(o) = -o**3 + 7*o**2 - 2*o + 9. Let u(m) = 24*m - 18*m - 2*m**2 + 7 + m**2. Let x be u(6). Let r be l(x). Let z(n) = -n**2 - 4*n + 5. Give z(r).
0
Suppose v + 4*c + 11 + 2 = 0, -3*v - c = 17. Suppose -3*k - n - 22 = 0, -2*n + 6*n = 2*k + 24. Let i = v - k. Let h(g) = g**3 - 3*g**2 - 2. Calculate h(i).
-2
Let r(h) = -4*h**2 - h. Let y = 29 - 28. Calculate r(y).
-5
Let h(m) = -12*m**2 - 13 + 0*m**2 + m**2 + 5*m**3 - 7*m. Let l(k) = -11*k**3 + 23*k**2 + 15*k + 27. Let t(c) = -13*h(c) - 6*l(c). Determine t(-5).
2
Let r(x) = -x**3 - 4*x**2 + 4*x - 6. Let j be r(-5). Suppose -3*c + 3 = -2*c. Let i(n) = -1 - 7*n**3 - n**3 - n**2 + 0*n - n + 2*n**c. Determine i(j).
5
Let w(p) be the third derivative of -p**5/60 - p**4/24 + p**3/6 + 8*p**2. What is w(2)?
-5
Let c(i) = i + 6. Let o be c(-3). Let b be ((-2)/(-3))/(1/o). Let v be 0/(-2) - (3 - b). Let w(h) = 6*h**3 + h**2 + h + 1. Calculate w(v).
-5
Let x(g) = -g - 1. Let v(a) = -a. Let o(w) = -v(w) - 3*x(w). What is o(-2)?
-5
Let z(r) = -6*r. Let p(f) be the second derivative of 2*f**3 + f**2/2 + f. Let l = 21 - 19. Let n(k) = l*p(k) + 5*z(k). Calculate n(2).
-10
Let k(d) = d**3 - 2*d + 1. Let h be 0 + (0 - (0 - -4)). Let t = -4 - -6. Let c = t + h. Give k(c).
-3
Let v(m) = -3*m**3 - 2*m**2 + 1. Let y be v(1). Let a be (6/(-9))/(y/(-6)). Let t(i) = -5*i**3 - i**2 - i. Calculate t(a).
5
Let i(h) = -5*h**2 + 3*h - 6. Let c(k) = 3*k**2 - 2*k + 4. Let n(v) = -8*c(v) - 5*i(v). Suppose -13*f - 31 = -5. Calculate n(f).
0
Let j(b) be the third derivative of -b**6/60 - b**5/60 + b**3/6 + 13*b**2. Determine j(-1).
2
Let r(g) = -g + 3*g - 3*g**2 + 2*g**3 + 4*g**2 - 2 + 3. Determine r(-1).
-2
Suppose 3 = 2*h - 3. Let o(n) = -n. Let q(m) = -2*m - 9. Let l(v) = h*o(v) - q(v). Determine l(0).
9
Let b(y) = -y**3 + 4 + 0*y**3 + 0*y**3 + y - y**2. Let a(u) = 2*u**3 + u**2 - u - 7. Let l(z) = -3*a(z) - 5*b(z). Calculate l(1).
0
Let y(l) be the first derivative of l**7/840 + l**6/60 + l**5/24 + l**4/8 + l**3 - 2. Let v(w) be the third derivative of y(w). What is v(-5)?
3
Let u(s) = s**3 - 3*s**2 - s. Let o(x) = 2*x**2 + 5*x + 3. Let h be o(-3). Suppose 0 = 3*m + 2*k + h, m - 3*m - 9 = 3*k. Suppose m = w + w - 6. Calculate u(w).
-3
Let m(w) be the second derivative of -w**4/12 + 5*w**3/6 - 5*w**2/2 + 6*w. Let z(t) be the first derivative of m(t). Give z(4).
-3
Let z(q) = q**3 + 2*q**2 - 5*q - 3. Suppose 0 = -2*l + 2*j - 14, 7 = -5*l + 2*j - 16. Determine z(l).
3
Let l(t) be the second derivative of t - 1/6*t**3 - 4*t**2 + 0. Let d = 8 - 12. Determine l(d).
-4
Let c(l) = l**2 + 4*l - 4. Suppose 0 = -0*m - 3*m + 18. Let y be (-4)/(-4)*m*-1. Determine c(y).
8
Let u(m) = -10*m + 1. Let q(a) = -41*a + 4. Let z(v) = -2*q(v) + 9*u(v). Let s(b) = b**3 + b**2 + 2*b + 1. Let p be s(-1). Give z(p).
9
Suppose -v = -0*v - 2*m - 1, -5*m = 10. Let w be 2/v + (-8)/6. Let s(u) be the third derivative of u**4/8 - u**2. What is s(w)?
-6
Let b(s) = -s**2 + 7*s - 3. Suppose 3*x + 1 = 16. Suppose q = -x, 0 = 3*a - 4*q - 22 - 13. Suppose r - 10 = -a. Calculate b(r).
7
Let o(b) = 139 - 4*b**2 - 147 + 14*b**2 + b**3. Determine o(-10).
-8
Let z(c) be the third derivative of -c**4/8 - 5*c**3/6 + 3*c**2. What is z(7)?
-26
Suppose -5*a - h = 17 - 41, 2*a = 2*h. Suppose -t = a*t + 60. Let c be ((-2)/3)/(2/t). Let l(k) = -k - 2. Determine l(c).
-6
Suppose -5*h + 5 + 20 = 0. Let o(k) = 3*k - 2. Give o(h).
13
Let s(v) be the second derivative of -v**5/20 + v**4/3 + v**3 - v**2 + v. Let t(z) = -6*z - z**2 - 1 + 2*z - z. Let g be t(-3). Calculate s(g).
3
Let j(r) be the third derivative of -r**4/12 + r**3 - 4*r**2. Let q be j(4). Let n(z) = -2*z**2 - 4*z - 2. Calculate n(q).
-2
Let a(i) be the third derivative of -i**5/60 - 7*i**4/24 - 2*i**3/3 + 3*i**2. Suppose -4*h = g, -4*g - h = 2*h + 13. Give a(g).
8
Let m(y) = -y. Let h be m(-5). Let p be -2 + 2 + h - 2. Let a(j) be the first derivative of -j**4/4 + 2*j**3/3 + j**2 + 10. Calculate a(p).
-3
Let r(g) = 5*g**2 - 16*g - 2*g**2 - g**3 - 4*g**2 + 17*g. Let w(t) = t**3 - 3*t**2 + 5*t - 1. Let s(n) = -2*r(n) - w(n). What is s(-6)?
7
Let m(n) = -n**2 + 8*n - 5. Let v be m(7). Let d(z) = -4*z**2 + 6*z**3 - v*z + z + 2 - 5*z**3. Calculate d(4).
-2
Let v be (25/15)/(20/12). Let x(r) = -8*r**3 - 1. Determine x(v).
-9
Let c be 6 + 0 - (-2 + 3). Let t(f) = 9*f + 5 - 6*f - 3*f**2 - c. What is t(2)?
-6
Let s(f) = 6*f - 3. Let m(u) = 3*u - 1. Let p(l) = -11*m(l) + 6*s(l). Give p(7).
14
Let d(o) be the first derivative of o**2/2 - o + 8. Give d(0).
-1
Suppose i = 4*i - 12. Suppose -4 = -i*p + 20. Let a(v) = 3*v**3 + 5 + 2*v**3 + 6*v + p*v**2 - 4*v**3 + 1. Give a(-5).
1
Let x(s) = -2*s**2 + 5*s**2 - 5 + 2*s**2 + 4*s - 6*s**2. Determine x(4).
-5
Let f(